{"id":1581,"date":"2021-11-21T22:43:59","date_gmt":"2021-11-21T22:43:59","guid":{"rendered":"https:\/\/www.vispertheater.ch\/wordpress\/?page_id=1581"},"modified":"2022-12-08T18:31:51","modified_gmt":"2022-12-08T18:31:51","slug":"zimmermann","status":"publish","type":"page","link":"https:\/\/www.vispertheater.ch\/wordpress\/zimmermann\/","title":{"rendered":"zimmermann"},"content":{"rendered":"<div  class=\"tatsu-SJc4YrOuK tatsu-section  tatsu-fullscreen   tatsu-clearfix\" data-title=\"\"  data-headerscheme=\"background--dark\"><div class=\"tatsu-fullscreen-wrap\"><div class='tatsu-section-pad clearfix' data-padding='{\"d\":\"0px 0px 0px 0px \"}' data-padding-top='0px'><div class=\"tatsu-row-wrap  tatsu-row-full-width tatsu-row-has-one-half tatsu-row-has-two-cols tatsu-zero-margin tatsu-no-gutter tatsu-eq-cols tatsu-fullscreen-cols tatsu-swap-cols  tatsu-clearfix tatsu-H1x9NtrdOF\" ><div  class=\"tatsu-row \" ><div  class=\"tatsu-column  tatsu-one-half tatsu-column-align-top tatsu-column-image-none tatsu-column-effect-none  tatsu-Bk-5VKB_dY\"  data-parallax-speed=\"0\" style=\"\"><div class=\"tatsu-column-inner \" ><div class=\"tatsu-column-pad-wrap\"><div class=\"tatsu-column-pad\" ><div  class=\"tatsu-module tatsu-inline-text clearfix tatsu-B1Mq4FS__F   \" ><style>.tatsu-B1Mq4FS__F .tatsu-inline-text-inner{width: 100%;text-align: left;}<\/style><div class=\"tatsu-inline-text-inner tatsu-align-center\">\n<h6><span style=\"font-size: 25px;\">Der Vaterschaftsprozess des Zimmermann&#8217;s Josef<\/span><br \/><span style=\"font-size: 15px;\">20. &#038; 21. Januar 2023,\u00a0<\/span><span style=\"font-size: 15px; background-color: #d2c0a3; letter-spacing: 0px;\">LaPoste Visp<\/span><\/h6>\n<h6><span style=\"font-size: 15px;\">03. &#038; 04. Februar 2023,\u00a0<\/span><span style=\"font-size: 15px; background-color: #d2c0a3; letter-spacing: 0px;\">K\u00e4figturm Bern<\/span><\/h6>\n<p>Kom\u00f6die von Ephraim Kishon\u00a0<\/p>\n<p>\u00abEine Kom\u00f6die aus dem Jahre Null der Zeitrechnung\u00bb\u00a0<\/p>\n<p>Josef Zimmermann, besser bekannt als Ehemann der Jungfrau Maria, will endlich gekl\u00e4rt haben, wer denn nun der leibliche Vater des kleinen Jesus ist und zieht deshalb den Gott Imhimmel vor Gericht. Josef steht auf dem Standpunkt, dass auch Herr Imhimmel seinen Aliments Pflichten nachzukommen hat. Dies ist der Ausgangspunkt der turbulenten Gerichtskom\u00f6die vom grossen israelischen Autor Ephraim Kishon.\u00a0<\/p>\n<p>Die satirische Kom\u00f6die wirkt nie blasphemisch. Gem\u00e4ss Kurt Tucholsky darf Satire zwar alles. Kis- hon aber ist ein augenzwinkerndes, humorvolles, feinf\u00fchliges Theaterst\u00fcck gelungen, das keine reli- gi\u00f6sen Gef\u00fchle verletzt. Ein begeisterter Kritiker schrieb nach der Urauff\u00fchrung: Kein Katholik oder Protestant wird das Lachen bei diesem St\u00fcck unterdr\u00fccken k\u00f6nnen&#8230;denn auch Gott war schliesslich auch mal nur ein Mensch!\u00a0<\/p>\n<\/div><\/div><div  class=\"tatsu-module tatsu-normal-button tatsu-button-wrap   tatsu-rJE2tBu_F   \"><a class=\"tatsu-shortcode mediumbtn tatsu-button left-icon circular   bg-animation-none  \" href=\"https:\/\/www.vispertheater.ch\/wordpress\/\" style= \"\"  aria-label=\"zur\u00fcck\" data-gdpr-atts={} ><i class=\"tatsu-icon icon-arrow_back\"><\/i>zur\u00fcck<\/a><style>.tatsu-rJE2tBu_F .tatsu-button{background-color: #FF9800;color: #ffffff ;}<\/style><\/div><div  class=\"tatsu-module tatsu-normal-button tatsu-button-wrap   tatsu-BkUXajJuo   \"><a class=\"tatsu-shortcode mediumbtn tatsu-button left-icon circular   bg-animation-none  \" href=\"https:\/\/www.vispertheater.ch\/wordpress\/wp-content\/uploads\/2022\/12\/Flyer_Vaterschaftsprozess_WEB.pdf\" style= \"\"  aria-label=\"FLYER\" data-gdpr-atts={} target=\"_blank\"><i class=\"tatsu-icon icon-download\"><\/i>FLYER<\/a><style>.tatsu-BkUXajJuo .tatsu-button{background-color: #FF9800;color: #ffffff ;}<\/style><\/div><div  class=\"tatsu-module tatsu-normal-button tatsu-button-wrap   tatsu-SJuUToyOs   \"><a class=\"tatsu-shortcode x-largebtn tatsu-button left-icon circular   bg-animation-none  \" href=\"https:\/\/www.lapostevisp.ch\/de\/theater\/tickets-programm\/event\/10007400995944006\" style= \"\"  aria-label=\"TICKETS VISP\" data-gdpr-atts={} target=\"_blank\"><i class=\"tatsu-icon icon-ticket\"><\/i>TICKETS VISP<\/a><style>.tatsu-SJuUToyOs .tatsu-button{background-color: #f44336;color: #ffffff ;}<\/style><\/div><div  class=\"tatsu-module tatsu-normal-button tatsu-button-wrap   tatsu-BJVKajy_s   \"><a class=\"tatsu-shortcode x-largebtn tatsu-button left-icon circular   bg-animation-none  \" href=\"https:\/\/eventfrog.ch\/de\/p\/theater-buehne\/theater\/vispertheater-der-vaterschaftsprozess-des-zimmermann-s-josef-6973996574620703113.html\" style= \"\"  aria-label=\"TICKETS BERN\" data-gdpr-atts={} target=\"_blank\"><i class=\"tatsu-icon icon-ticket\"><\/i>TICKETS BERN<\/a><style>.tatsu-BJVKajy_s .tatsu-button{background-color: #f44336;color: #ffffff ;}<\/style><\/div><\/div><\/div><div class = \"tatsu-column-bg-image-wrap\"><div class = \"tatsu-column-bg-image\" ><\/div><\/div><\/div><style>.tatsu-row > .tatsu-Bk-5VKB_dY.tatsu-column{width: 54.5%;}.tatsu-Bk-5VKB_dY.tatsu-column > .tatsu-column-inner{background-color: rgba(210,192,163,1);}.tatsu-Bk-5VKB_dY.tatsu-column > .tatsu-column-inner > .tatsu-column-pad-wrap > .tatsu-column-pad{padding: 90px 10% 90px 20% ;}.tatsu-Bk-5VKB_dY.tatsu-column > .tatsu-column-inner > .tatsu-column-overlay{mix-blend-mode: none;}.tatsu-Bk-5VKB_dY > .tatsu-column-inner > .tatsu-top-divider{z-index: 9999;}.tatsu-Bk-5VKB_dY > .tatsu-column-inner > .tatsu-bottom-divider{z-index: 9999;}.tatsu-Bk-5VKB_dY > .tatsu-column-inner > .tatsu-left-divider{z-index: 9999;}.tatsu-Bk-5VKB_dY > .tatsu-column-inner > .tatsu-right-divider{z-index: 9999;}@media only screen and (max-width: 767px) {.tatsu-row > .tatsu-Bk-5VKB_dY.tatsu-column{width: 100%;}}<\/style><\/div><div  class=\"tatsu-column  tatsu-column-empty tatsu-one-half tatsu-column-align-middle tatsu-column-image-none tatsu-column-effect-none  tatsu-HkN9VKHuuY\"  data-parallax-speed=\"0\" style=\"\"><div class=\"tatsu-column-inner \" ><div class=\"tatsu-column-pad-wrap\"><div class=\"tatsu-column-pad\" ><\/div><\/div><div class = \"tatsu-column-bg-image-wrap\"><div class = \"tatsu-column-bg-image\" ><\/div><\/div><\/div><style>.tatsu-row > .tatsu-HkN9VKHuuY.tatsu-column{width: 45.5%;}.tatsu-HkN9VKHuuY.tatsu-column > .tatsu-column-inner{background-color: rgba(212,179,131,1);}.tatsu-HkN9VKHuuY.tatsu-column > .tatsu-column-inner > .tatsu-column-bg-image-wrap > .tatsu-column-bg-image{background-image: url(https:\/\/www.vispertheater.ch\/wordpress\/wp-content\/uploads\/2022\/04\/F50S0427_PlakatV2-WEB-scaled.jpg);background-repeat: no-repeat;background-attachment: scroll;background-position: top left;background-size: contain;}.tatsu-HkN9VKHuuY.tatsu-column > .tatsu-column-inner > .tatsu-bg-blur{background-repeat: no-repeat;background-attachment: scroll;background-position: top left;background-size: contain;}.tatsu-HkN9VKHuuY.tatsu-column > .tatsu-column-inner > .tatsu-column-overlay{mix-blend-mode: none;}.tatsu-HkN9VKHuuY > .tatsu-column-inner > .tatsu-top-divider{z-index: 9999;}.tatsu-HkN9VKHuuY > .tatsu-column-inner > .tatsu-bottom-divider{z-index: 9999;}.tatsu-HkN9VKHuuY > .tatsu-column-inner > .tatsu-left-divider{z-index: 9999;}.tatsu-HkN9VKHuuY > .tatsu-column-inner > .tatsu-right-divider{z-index: 9999;}@media only screen and (max-width: 767px) {.tatsu-row > .tatsu-HkN9VKHuuY.tatsu-column{width: 100%;}}<\/style><\/div><\/div><\/div><\/div><div class=\"tatsu-section-background-wrap\"><div class = \"tatsu-section-background\" ><\/div><\/div><\/div><style>.tatsu-SJc4YrOuK > .tatsu-bottom-divider{z-index: 9999;}.tatsu-SJc4YrOuK > .tatsu-top-divider{z-index: 9999;}.tatsu-SJc4YrOuK .tatsu-fullscreen-wrap{align-items: flex-start;}<\/style><\/div>\n","protected":false},"excerpt":{"rendered":"<p><a href=\"https:\/\/www.vispertheater.ch\/wordpress\/zimmermann\/\" class=\"more-link style1-button\">Weiterlesen<\/a><\/p>","protected":false},"author":1,"featured_media":0,"parent":0,"menu_order":0,"comment_status":"closed","ping_status":"closed","template":"","meta":[],"acf":[],"yoast_head":"<!-- This site is optimized with the Yoast SEO plugin v17.5 - https:\/\/yoast.com\/wordpress\/plugins\/seo\/ -->\n<title>zimmermann - Visper Theater<\/title>\n<meta name=\"robots\" content=\"index, follow, max-snippet:-1, max-image-preview:large, max-video-preview:-1\" \/>\n<link rel=\"canonical\" href=\"https:\/\/www.vispertheater.ch\/wordpress\/zimmermann\/\" \/>\n<meta property=\"og:locale\" content=\"de_DE\" \/>\n<meta property=\"og:type\" content=\"article\" \/>\n<meta property=\"og:title\" content=\"zimmermann - Visper Theater\" \/>\n<meta property=\"og:url\" content=\"https:\/\/www.vispertheater.ch\/wordpress\/zimmermann\/\" \/>\n<meta property=\"og:site_name\" content=\"Visper Theater\" \/>\n<meta property=\"article:publisher\" content=\"https:\/\/www.facebook.com\/groups\/79472610286\/\" \/>\n<meta property=\"article:modified_time\" content=\"2022-12-08T18:31:51+00:00\" \/>\n<meta name=\"twitter:card\" content=\"summary\" \/>\n<meta name=\"twitter:label1\" content=\"Gesch\u00e4tzte Lesezeit\" \/>\n\t<meta name=\"twitter:data1\" content=\"3 Minuten\" \/>\n<script type=\"application\/ld+json\" class=\"yoast-schema-graph\">{\"@context\":\"https:\/\/schema.org\",\"@graph\":[{\"@type\":\"WebSite\",\"@id\":\"https:\/\/www.vispertheater.ch\/wordpress\/#website\",\"url\":\"https:\/\/www.vispertheater.ch\/wordpress\/\",\"name\":\"Visper Theater\",\"description\":\"\",\"potentialAction\":[{\"@type\":\"SearchAction\",\"target\":{\"@type\":\"EntryPoint\",\"urlTemplate\":\"https:\/\/www.vispertheater.ch\/wordpress\/?s={search_term_string}\"},\"query-input\":\"required name=search_term_string\"}],\"inLanguage\":\"de-DE\"},{\"@type\":\"WebPage\",\"@id\":\"https:\/\/www.vispertheater.ch\/wordpress\/zimmermann\/#webpage\",\"url\":\"https:\/\/www.vispertheater.ch\/wordpress\/zimmermann\/\",\"name\":\"zimmermann - Visper Theater\",\"isPartOf\":{\"@id\":\"https:\/\/www.vispertheater.ch\/wordpress\/#website\"},\"datePublished\":\"2021-11-21T22:43:59+00:00\",\"dateModified\":\"2022-12-08T18:31:51+00:00\",\"breadcrumb\":{\"@id\":\"https:\/\/www.vispertheater.ch\/wordpress\/zimmermann\/#breadcrumb\"},\"inLanguage\":\"de-DE\",\"potentialAction\":[{\"@type\":\"ReadAction\",\"target\":[\"https:\/\/www.vispertheater.ch\/wordpress\/zimmermann\/\"]}]},{\"@type\":\"BreadcrumbList\",\"@id\":\"https:\/\/www.vispertheater.ch\/wordpress\/zimmermann\/#breadcrumb\",\"itemListElement\":[{\"@type\":\"ListItem\",\"position\":1,\"name\":\"Home\",\"item\":\"https:\/\/www.vispertheater.ch\/wordpress\/\"},{\"@type\":\"ListItem\",\"position\":2,\"name\":\"zimmermann\"}]}]}<\/script>\n<!-- \/ Yoast SEO plugin. -->","yoast_head_json":{"title":"zimmermann - Visper Theater","robots":{"index":"index","follow":"follow","max-snippet":"max-snippet:-1","max-image-preview":"max-image-preview:large","max-video-preview":"max-video-preview:-1"},"canonical":"https:\/\/www.vispertheater.ch\/wordpress\/zimmermann\/","og_locale":"de_DE","og_type":"article","og_title":"zimmermann - Visper Theater","og_url":"https:\/\/www.vispertheater.ch\/wordpress\/zimmermann\/","og_site_name":"Visper Theater","article_publisher":"https:\/\/www.facebook.com\/groups\/79472610286\/","article_modified_time":"2022-12-08T18:31:51+00:00","twitter_card":"summary","twitter_misc":{"Gesch\u00e4tzte Lesezeit":"3 Minuten"},"schema":{"@context":"https:\/\/schema.org","@graph":[{"@type":"WebSite","@id":"https:\/\/www.vispertheater.ch\/wordpress\/#website","url":"https:\/\/www.vispertheater.ch\/wordpress\/","name":"Visper Theater","description":"","potentialAction":[{"@type":"SearchAction","target":{"@type":"EntryPoint","urlTemplate":"https:\/\/www.vispertheater.ch\/wordpress\/?s={search_term_string}"},"query-input":"required name=search_term_string"}],"inLanguage":"de-DE"},{"@type":"WebPage","@id":"https:\/\/www.vispertheater.ch\/wordpress\/zimmermann\/#webpage","url":"https:\/\/www.vispertheater.ch\/wordpress\/zimmermann\/","name":"zimmermann - Visper Theater","isPartOf":{"@id":"https:\/\/www.vispertheater.ch\/wordpress\/#website"},"datePublished":"2021-11-21T22:43:59+00:00","dateModified":"2022-12-08T18:31:51+00:00","breadcrumb":{"@id":"https:\/\/www.vispertheater.ch\/wordpress\/zimmermann\/#breadcrumb"},"inLanguage":"de-DE","potentialAction":[{"@type":"ReadAction","target":["https:\/\/www.vispertheater.ch\/wordpress\/zimmermann\/"]}]},{"@type":"BreadcrumbList","@id":"https:\/\/www.vispertheater.ch\/wordpress\/zimmermann\/#breadcrumb","itemListElement":[{"@type":"ListItem","position":1,"name":"Home","item":"https:\/\/www.vispertheater.ch\/wordpress\/"},{"@type":"ListItem","position":2,"name":"zimmermann"}]}]}},"_links":{"self":[{"href":"https:\/\/www.vispertheater.ch\/wordpress\/wp-json\/wp\/v2\/pages\/1581"}],"collection":[{"href":"https:\/\/www.vispertheater.ch\/wordpress\/wp-json\/wp\/v2\/pages"}],"about":[{"href":"https:\/\/www.vispertheater.ch\/wordpress\/wp-json\/wp\/v2\/types\/page"}],"author":[{"embeddable":true,"href":"https:\/\/www.vispertheater.ch\/wordpress\/wp-json\/wp\/v2\/users\/1"}],"replies":[{"embeddable":true,"href":"https:\/\/www.vispertheater.ch\/wordpress\/wp-json\/wp\/v2\/comments?post=1581"}],"version-history":[{"count":15,"href":"https:\/\/www.vispertheater.ch\/wordpress\/wp-json\/wp\/v2\/pages\/1581\/revisions"}],"predecessor-version":[{"id":1909,"href":"https:\/\/www.vispertheater.ch\/wordpress\/wp-json\/wp\/v2\/pages\/1581\/revisions\/1909"}],"wp:attachment":[{"href":"https:\/\/www.vispertheater.ch\/wordpress\/wp-json\/wp\/v2\/media?parent=1581"}],"curies":[{"name":"wp","href":"https:\/\/api.w.org\/{rel}","templated":true}]}}